x - 20 = 0. Let n be 1/((2/24)/((-11)/l)). Let j = 69 - n. List the prime factors of j.
3
Suppose -1309*r + 1299*r + 27490 = 0. What are the prime factors of r?
2749
Suppose -3*k + 68*d - 71*d = -7575, 0 = -4*k + 3*d + 10135. List the prime factors of k.
2, 5, 11, 23
Let k be 7533171/8946 - ((-15)/(-14) - 1). Suppose 14 = 2*o - 0*o. Suppose 0 = -o*g + k + 341. What are the prime factors of g?
13
Let d(r) = -r**3 - 11*r**2 - 11*r - 4. Let o be 1/3 + (-620)/60. Let a be d(o). Let l = a + 53. What are the prime factors of l?
59
Let p(n) = -3*n**3 - 5*n**2 - 8*n - 14. Let t(s) = 4*s**3 + 5*s**2 + 8*s + 15. Let i(u) = 6*p(u) + 5*t(u). What are the prime factors of i(5)?
2, 19
Suppose -3*t - 49818 = -2*a - a, -2*a + 33224 = 2*t. Suppose a = 19*v - 4500. List the prime factors of v.
11, 101
List the prime factors of ((-2037)/(-4))/7*(-3 - -47).
3, 11, 97
Let n(w) = 36*w**2 + 38*w - 1484. What are the prime factors of n(22)?
2, 3, 233
List the prime factors of 972466/77 - (-18)/(-42).
73, 173
List the prime factors of 11893 + 4 + (-2 - 7).
2, 743
Let q be 6/10 - (-65924)/10. Suppose -1085 = -22*m + q. What are the prime factors of m?
349
Suppose 4*a + o = 26026, 14*o - 18*o - 26016 = -4*a. List the prime factors of a.
2, 3253
Let r(t) = -6*t - 18. Let b be r(-9). Let n be (-2)/(-8) + 2943/b. Let m = 20 + n. What are the prime factors of m?
2, 3, 17
What are the prime factors of 44/(-6)*14763/(-296)*(1 + 3)?
7, 11, 19
Suppose 2*s - 2*s = 11*s. Suppose 37*o - 15581 - 1365 = s. What are the prime factors of o?
2, 229
Let m = -155 + 1034. Let z = -473 + m. List the prime factors of z.
2, 7, 29
Let w = 4694 - 1077. Let t = w - 1646. What are the prime factors of ((-1)/(-6)*2)/(9/t)?
73
Let r = 789 + -795. List the prime factors of ((-4)/10)/(r/(-30)) - -1329.
1327
Let d = -311 - -260. List the prime factors of d/(-119) + 3144/14.
3, 5
Let x = -516 + 1033. Let p = x - -664. What are the prime factors of p?
1181
Let s be 1413555/156 + 5/(-4). What are the prime factors of 3/(-12) + s/16?
2, 283
Suppose 0 = 14*j - 31*j - 21352. Let a = -520 - j. List the prime factors of a.
2, 23
Suppose -s = 4*q - 193, -s + 107 = 5*q - 134. Suppose -12*f + q = -8*f. Suppose f*v = 14*v - 412. What are the prime factors of v?
2, 103
Suppose 4*o - 461 = 359. Let n = 454 - o. List the prime factors of n.
3, 83
List the prime factors of (-3)/3*27292*(-4)/(24 + -8).
6823
Suppose 120*v = -2*s + 124*v + 11728, -5*s + 29334 = 4*v. What are the prime factors of s?
2, 7, 419
Let v(k) be the second derivative of -k**4/12 - 7*k**3/6 + k**2/2 + 4*k - 11. List the prime factors of v(-3).
13
Let p(v) = -v**2 - 9*v - 13. Let i be (-36)/63 - 51/21. Let c be p(i). Let j(w) = 7*w**2 + 20. List the prime factors of j(c).
3, 5, 13
Let a(w) = 600*w**2 + 12*w + 3. Suppose 3*z - 13 + 1 = 5*d, -4*z - 4*d = 16. What are the prime factors of a(z)?
3, 197
Let z(u) = 4*u**2 + 18*u - 63. Let m(d) = -d**2 - 1. Let i(t) = 2*m(t) + z(t). What are the prime factors of i(15)?
5, 131
Let q(f) = f + 89 - 3*f - 9*f. Let l(r) = 5*r - 44. Let y(a) = -13*l(a) - 6*q(a). What are the prime factors of y(-14)?
2, 3
Let k(i) = 24*i - 9. Suppose -7*v + 2*v = -r - 17, -28 = -4*r - 4*v. Let c be k(r). Suppose -c*f + 59*f + 564 = 0. What are the prime factors of f?
3, 47
Let o = -1566 + 3651. What are the prime factors of o?
3, 5, 139
Let p = 116 + -121. Let r = 54 + p. What are the prime factors of r?
7
Suppose 0 = -3*j + 3*f - 441, 0 = 6*j - 5*j + 5*f + 177. List the prime factors of (j/(-12))/(1/18).
2, 3, 19
Suppose -596 = 5*i + 1729. Let j = i + 670. List the prime factors of j.
5, 41
Suppose 16 = -4*x, 5*u - 3*x = 2*x + 35. Suppose 0 = -u*j - 3*b + 180, 2*j + 3*j - 292 = -3*b. List the prime factors of j.
2, 7
Suppose -8*y + 134100 = 22*y. List the prime factors of y.
2, 3, 5, 149
Suppose 89955 = 39*c - 63549. What are the prime factors of c?
2, 3, 41
Suppose 0 = -26*c - 10*c + 40248. Let g = -609 + c. What are the prime factors of g?
509
Let g(f) = -f + 5. Let q be g(5). Suppose 22*x + 24 = 28*x. Suppose q*z - 3*u - 403 = -x*z, -2*z + 205 = -5*u. What are the prime factors of z?
2, 5
Let a(j) = 87*j + 6. Let r(v) = 44*v + 3. Let q(c) = -4*a(c) + 7*r(c). Let d(y) = 40*y - 442. Let k be d(11). What are the prime factors of q(k)?
7, 11
Let n(z) = -z**3 + z**2 - 6*z - 472. Let t be n(0). Let l = -410 - t. What are the prime factors of l?
2, 31
Suppose -3*y = -16*y + 13143. Let g = y - 539. What are the prime factors of g?
2, 59
Let d(b) be the first derivative of 24 - 1/2*b**2 - 1/2*b**4 + 1/3*b**3 + 148*b. What are the prime factors of d(0)?
2, 37
Suppose 0 = -9*n - 8 + 62. Let q be 3 - n - (-122 - -6). Suppose q = 29*i - 28*i. What are the prime factors of i?
113
Let a(m) = 15*m + 71. Let i be a(-5). What are the prime factors of ((-96)/i)/(-6) + 173 - -1?
2, 5, 17
Let g be (22/(-33))/(4/(-30)). Suppose -6 = -g*v - 21. List the prime factors of 3/(v + 0) - -37.
2, 3
Suppose -8*n + 47528 - 9336 = 0. Suppose 0 = 16*i - 2*i - n. What are the prime factors of i?
11, 31
Suppose 9157*r + 414756 = 9175*r. What are the prime factors of r?
2, 41, 281
Let l(k) = -k**2 - 13*k + 38. Let w be l(2). Let s be -2 - 0 - (-1)/(-1). List the prime factors of (0 - s - w)*-7.
5, 7
Let h(v) = -3*v + 22. Let s be h(6). Suppose -208 = -5*w + s*x, 3*x - 141 = -3*w - 0*x. Let u = -26 + w. What are the prime factors of u?
2, 3
Let h(l) = -8 - l**3 + 19 + l + 16. Let p be h(0). Suppose -6*s + 225 + p = 0. What are the prime factors of s?
2, 3, 7
Suppose 4*g - 5*m = -4*m + 16, 4*g - 20 = 2*m. Suppose 0 = -g*d + 727 - 310. List the prime factors of d.
139
Let y be 1/(((-1)/(-2))/(1/(-2))). Let i be y/(13/(-6) + 2). Suppose 0 = 4*g - i*g + 210. What are the prime factors of g?
3, 5, 7
Suppose -4*k + k = -2*c + 597, -2*k = -2*c + 396. Let u = k - -464. What are the prime factors of u?
263
Suppose 64*g = 106*g - 2757846. What are the prime factors of g?
13, 5051
Let x = -67 + 67. Suppose x = 5*o + k - 187, -140 = -4*o + k - 5*k. What are the prime factors of o?
2, 19
Let y(h) = -h**2 + 23*h + 20*h + 26*h + 2 - 79*h. Let z be y(-10). What are the prime factors of 48*z*((-17)/3 - -7)?
2
Let p(h) = -5*h - 12 - 137*h - 191*h + 30*h. What are the prime factors of p(-1)?
3, 97
Let g(k) be the second derivative of 53*k**3/6 + 14*k**2 - 49*k. What are the prime factors of g(19)?
3, 5, 23
Let v = -235 - -164. Let q(p) = p**3 + 44*p**2 - 3*p + 99. Let n be q(-44). Let j = n + v. What are the prime factors of j?
2, 5
Let l = 34154 - 21769. List the prime factors of l.
5, 2477
What are the prime factors of (-1 - (-4 + 1))/(18/61137)?
6793
Suppose -7*v = -298 - 374. Suppose v = -20*o + 28*o. What are the prime factors of (-1388)/(-9) + (o/(-27))/2?
2, 7, 11
Suppose 0 = 3*f - 3*m - 11532, -15 = 5*m + 10. What are the prime factors of f?
11, 349
Suppose 4*t = 5*o + 111257, 4*t + 3*o + 8707 - 119924 = 0. What are the prime factors of t?
2, 11, 79
What are the prime factors of (3 + 2)*(-15570)/(-90)?
5, 173
Suppose x + 4*f - 3956 = 0, 33*x + f + 3971 = 34*x. What are the prime factors of x?
2, 31
Let u(o) = 107*o**3 + 3*o**2 + 6*o - 8. Suppose -2*t + 26 - 20 = -b, 0 = t + b. List the prime factors of u(t).
2, 109
Let i = 40233 - 10541. List the prime factors of i.
2, 13, 571
Let u(k) = -k**2 + 23*k + 40. Let t(n) be the third derivative of -3*n**4/8 - 43*n**3/6 - 18*n**2. Let w be t(-7). What are the prime factors of u(w)?
2, 5
Let v(q) be the first derivative of -449*q**4/2 + 2*q**3/3 + 3*q**2 + 6*q + 117. What are the prime factors of v(-1)?
2, 3, 5
Let i(k) = -k**2 - 8*k - 10. Let w be i(-9). What are the prime factors of w/(402/(-132) + 3)?
2, 11, 19
Suppose -785 = 7*u + 1357. Let l = 579 + u. Suppose 6*t - 207 = l. List the prime factors of t.
2, 5
Suppose -51*f + 886631 = -249292. List the prime factors of f.
22273
Suppose -6*y = 2*o - 11*y - 6816, -2*y = o - 3408. Suppose -7*c - o = -15*c. What are the prime factors of c?
2, 3, 71
Suppose 3*k - 104 - 72 = -q, k - 2*q = 47. Suppose -u - 3*x = u - 23, -4*u + 5*x = -k. Suppose g - 42 = -u. List the prime factors of g.
29
Let f = 233 - 230. Suppose -2*i - 4*y = -708, f*i - y - 379 = 676. What are the prime factors of i?
2, 11
Suppose 9*c = -c - 180. Let p = -21 - c. List the prime factors of (p - -6 - (-37 + 0)